98. Determine j(-17).
21
Let m(j) = -346*j + 5002. Give m(17).
-880
Let s(l) = -66744*l - 1735347. Determine s(-26).
-3
Let p(s) = 46193*s + 2402037. Give p(-52).
1
Let j(w) = 5*w**2 - 3740*w + 22297. Calculate j(6).
37
Let p(k) = -6*k**2 + 252*k - 352. Give p(41).
-106
Let n(w) = -315490*w - 1261946. What is n(-4)?
14
Let p(z) = 16*z**2 - 5753*z + 11449. Determine p(2).
7
Let b(o) = -15*o**3 + 4*o**2 + 451*o - 2233. Determine b(5).
-1753
Let v(w) = 5*w**2 - 58857*w + 58858. What is v(1)?
6
Let c(q) = -44*q**2 + 6439*q + 19754. What is c(-3)?
41
Let q(d) = 2635*d + 57394. Determine q(-20).
4694
Let c(p) = -71342*p - 2639651. What is c(-37)?
3
Let s(o) = -o**3 - o**2 + 79*o + 120. Calculate s(0).
120
Let q(x) = 119*x**2 + 6213*x + 1316. Calculate q(-52).
16
Let p(c) = 3614*c - 2403320. Calculate p(665).
-10
Let i(j) = -155*j**2 - 2190*j + 56. What is i(-14)?
336
Let b(y) = -525*y - 4043. Calculate b(-9).
682
Let y(w) = -w**3 - 3*w**2 - 6827*w + 41286. Determine y(6).
0
Let d(g) = 533*g + 18125. Determine d(-34).
3
Let p(n) = -64*n - 11515. Give p(-159).
-1339
Let x(z) = z**3 - 147*z**2 + 450*z - 2056. Calculate x(144).
536
Let b(s) = -7112*s - 291599. Calculate b(-41).
-7
Let u(h) = -502*h + 81820. Determine u(163).
-6
Let r(z) = 7682*z + 245813. What is r(-32)?
-11
Let h(y) = 209238*y - 3766299. Give h(18).
-15
Let k(i) = -2*i**2 + 630*i - 28696. Calculate k(260).
-96
Let c(u) = -71*u**2 - 1491*u - 6. Give c(-21).
-6
Let r(u) = -2*u**3 - 19*u**2 + 45*u + 143. Calculate r(-11).
11
Let r(q) = q**2 + 17*q - 238. Calculate r(8).
-38
Let p(g) = 768*g + 7340. Determine p(-9).
428
Let m(z) = -z**3 - 448*z**2 + 2191*z - 33700. Calculate m(-453).
-178
Let o(k) = 20*k**3 - 121*k**2 + 219*k - 31. What is o(2)?
83
Let s(m) = -684971*m - 685071. Determine s(-1).
-100
Let t(l) = 2967*l - 53351. What is t(18)?
55
Let h(o) = 86*o**2 + 12987*o + 184. Calculate h(-151).
33
Let q(i) = -i**3 + 4*i**2 + 44*i + 459. Give q(13).
-490
Let m(j) = -j**3 - 40*j**2 - 419*j - 46. Give m(-18).
368
Let p(m) = 2*m**3 + 127*m**2 + 239*m - 10948. Calculate p(-60).
-88
Let n(u) = 3771*u + 625939. Determine n(-166).
-47
Let s(a) = -107*a - 11955. Give s(-141).
3132
Let b(c) = 2*c**3 - 1689*c**2 - 8710*c - 1078. What is b(-5)?
-3
Let d(y) = -186152*y - 6143003. Give d(-33).
13
Let t(u) = -27035*u + 108500. What is t(4)?
360
Let z(t) = -2*t**2 + 91*t + 87. Determine z(38).
657
Let p(k) = -k**2 - 780347*k + 3121387. What is p(4)?
-17
Let d(i) = -15*i**2 - 1553*i - 38973. Determine d(-61).
-55
Let m(z) = 2*z**3 - 25*z**2 - 14*z + 412. Determine m(12).
100
Let b(p) = -p**2 - 477*p + 100333. Determine b(158).
3
Let z(m) = 27*m**2 - 150*m + 5. Determine z(12).
2093
Let p(n) = -8*n**3 - 257*n**2 - 450*n - 13482. Determine p(-32).
-106
Let z(x) = 30*x - 25. Give z(-3).
-115
Let u(r) = -8*r**2 + 1839*r + 20486. What is u(-11)?
-711
Let y(b) = 1979*b + 16409. Calculate y(-8).
577
Let x(s) = -23*s**3 - 5266*s**2 + 21430*s + 16. Give x(4).
8
Let v(b) = -1535*b + 214874. Determine v(140).
-26
Let w(j) = -298*j + 16991. What is w(57)?
5
Let p(t) = -39*t**2 - 411*t - 258. Calculate p(-10).
-48
Let t(p) = 46132*p + 1014871. Give t(-22).
-33
Let f(n) = -10818*n + 2271850. Determine f(210).
70
Let t(k) = 1205*k + 5190. Determine t(-4).
370
Let y(v) = -2*v**3 - 551*v**2 + 3667*v + 287. What is y(-282)?
5
Let k(w) = -39*w**3 + 8503*w**2 - 222*w + 849. What is k(218)?
-23
Let z(s) = s**3 - 87*s**2 - 214*s + 1280. Give z(-5).
50
Let p(z) = z**2 + 88*z + 1814. Determine p(-51).
-73
Let d(y) = 2*y**2 + 1753*y + 343724. Determine d(-296).
68
Let q(y) = -2925776*y + 14628889. Calculate q(5).
9
Let s(a) = -41*a + 11514. Give s(281).
-7
Let y(o) = 8802*o**2 + 4603446*o - 22. What is y(-523)?
-22
Let p(y) = -3007988*y - 12031957. Determine p(-4).
-5
Let r(g) = 11182*g + 257314. Determine r(-23).
128
Let r(b) = 7*b**2 - 3179*b + 25572. What is r(8)?
588
Let x(i) = 249542*i - 748699. What is x(3)?
-73
Let g(h) = -16623*h + 631670. Determine g(38).
-4
Let b(n) = 7*n**3 - 86*n**2 - 36*n + 291. Calculate b(13).
668
Let t(h) = h**2 - 532*h - 53120. Calculate t(-86).
28
Let p(q) = 193693*q + 581069. What is p(-3)?
-10
Let l(b) = -b**2 - 333*b - 8923. Give l(-29).
-107
Let v(g) = -1209*g + 33853. Calculate v(27).
1210
Let f(o) = -5*o**3 - 106*o**2 - 24*o - 459. Determine f(-21).
-396
Let i(o) = -42*o**2 - 10943*o - 69841. Calculate i(-254).
9
Let s(u) = 64111*u + 193237. What is s(-3)?
904
Let q(j) = j**3 - 19*j**2 - 462*j + 19. Determine q(-14).
19
Let l(j) = 9*j**3 - 311*j**2 - 148*j + 1123. Calculate l(35).
843
Let u(j) = -j**3 - 4*j**2 - 2381*j - 11964. What is u(-5)?
-34
Let f(x) = x**2 - 442*x + 12356. What is f(31)?
-385
Let d(a) = -474*a + 3154. Calculate d(7).
-164
Let a(k) = -2*k**3 - 55*k**2 - 87*k + 31. Determine a(-2).
1
Let m(r) = 3*r**2 - 439*r + 5494. Calculate m(13).
294
Let p(w) = w**2 - 1034*w + 67344. Calculate p(69).
759
Let r(f) = 407*f + 2116. What is r(-7)?
-733
Let u(s) = 4*s**3 - 387*s**2 - 112*s + 488. What is u(97)?
-967
Let y(i) = i**2 + 4382*i + 233703. What is y(-54)?
-9
Let t(i) = -3*i**3 + 758*i**2 - 551*i + 11822. Calculate t(252).
-22
Let c(t) = -t**3 + 8*t**2 + 794*t - 8445. Determine c(11).
-74
Let c(m) = m**3 + 474*m**2 + 1319*m + 177003. Determine c(-472).
3
Let w(r) = 6*r**2 + 258*r - 764. Give w(-46).
64
Let f(u) = -13*u**2 - 2204*u - 3316. Give f(-168).
44
Let d(l) = -l**3 - 25*l**2 - 27*l + 45. Determine d(-26).
1423
Let r(d) = d**3 + 3245*d**2 + 16156*d - 215. Give r(-5).
5
Let f(x) = 9259*x - 18545. What is f(2)?
-27
Let q(r) = r**3 + 137*r**2 - 653*r + 8007. Give q(-142).
-87
Let v(o) = 215*o - 73947. Give v(344).
13
Let z(b) = -b**3 + 80*b**2 + 1476*b - 107583. What is z(82)?
1
Let j(i) = 7*i**3 - 3281*i**2 - 946*i + 4006. Give j(469).
254
Let g(p) = 841*p**2 + 649252*p + 1. What is g(-772)?
1
Let w(b) = -2*b**2 + 292*b - 5857. Give w(24).
-1
Let g(a) = 489*a + 147179. What is g(-301)?
-10
Let x(l) = -38*l + 781. Calculate x(23).
-93
Let t(b) = -37*b**2 + 271*b + 1. Calculate t(9).
-557
Let t(h) = 1735*h - 20360. Give t(12).
460
Let a(h) = -586*h + 48689. Give a(83).
51
Let u(t) = t**2 + 2555*t - 95691. Calculate u(37).
213
Let t(i) = 189*i - 87913. Determine t(465).
-28
Let m(l) = 14463*l - 274809. Calculate m(19).
-12
Let g(q) = -934*q**2 + 96203*q - 93. Calculate g(103).
10
Let w(s) = 2295*s + 158146. What is w(-69)?
-209
Let j(h) = 67080*h - 670804. Calculate j(10).
-4
Let r(x) = x**3 + 1077*x**2 + 128799*x + 17863. What is r(-940)?
3
Let h(y) = -y**3 - 98*y**2 + 727*y - 246. Calculate h(-105).
594
Let o(p) = -7*p**2 + 16953*p + 393622. Determine o(-23).
0
Let v(q) = -514*q**2 - 1365*q. Give v(-3).
-531
Let r(a) = -200688*a + 2207578. What is r(11)?
10
Let y(h) = -4*h**2 - 199*h + 3060. Determine y(19).
-2165
Let z(p) = 258*p + 47377. What is z(-180)?
937
Let i(n) = 43230*n + 345887. What is i(-8)?
47
Let n(t) = -4*t**3 + 20*t**2 + 28*t + 23. Give n(-5).
883
Let d(t) = t**3 + 632*t**2 + 35343*t + 1488. Give d(-570).
-222
Let v(o) = o**3 + 11*o**2 + 38*o + 2645. What is v(-18)?
-307
Let l(t) = 2*t**2 - 4521*t + 13559. Give l(3).
14
Let p(b) = 1785*b - 13878. Determine p(8).
402
Let y(b) = 9*b**2 + 1404*b + 10455. Give y(-147).
-1452
Let q(y) = y**3 + 479*y**2 - 3757*y - 10. Calculate q(8).
1102
Let x(u) = 23*u - 1830. What is x(43)?
-841
Let r(h) = 527*h - 254552. Determine r(483).
-11
Let q(s) = -8*s**3 - 7*s**2 + 47*s - 84. Determine q(6).
-1782
Let g(w) = -55*w**2 - 13640*w + 110. Give g(-248).
110
Let g(d) = 89*d**3 + 573*d**2 - 660*d + 1. Give g(1).
3
Let t(h) = -5*h**2 - 166*h - 212. What is t(-33)?
-179
Let n(o) = 1159*o + 48980. Calculate n(-42).
302
Let f(q) = 87*q**3 - 5920*q**2 + 278*q - 483. Determine f(68).
-75
Let u(a) = 75*a**3 + 290*a**2 + 279*a + 1284. What is u(-4)?
8
Let w(z) = 21909*z - 2212814. What is w(101)?
-5
Let a(h) = 2*h**2 + 346*h - 1098. Calculate a(3).
-42
Let o(g) = -g**3 - 69*g**2 - 32*g + 6830. Calculate o(-67).
-4
Let g(m) = -2*m**2 - 36165*m + 3892559. Give g(107).
6
Let m(l) = 2*l**2 - 171*l + 2130. Calculate m(12).
366
Let f(u) = 29485*u - 619147. Determine f(21).
38
Let t(l) = -15*l**2 + 1021*l - 41. Give t(68).
27
Let f(z) = -z**3 - 61*z**2 + 1290*z - 159. What is f(-78)?
2649
Let u(l) = 13622*l + 82760. Give u(-6).
1028
L